4*s - 1. Calculate u(5).
4
Let n(t) = 4*t**2 + 15*t - 12. Give n(-6).
42
Let i(z) = -36*z + 1785. What is i(50)?
-15
Let j(b) = 5*b**3 + 81*b**2 + 13*b - 19. Calculate j(-16).
29
Let t(o) = 2*o**3 + 11*o**2 - 2247*o - 13453. Give t(-6).
-7
Let y(i) = -21*i**2 + 10*i - 1. Determine y(-3).
-220
Let l(v) = -8*v - 1370. Calculate l(-35).
-1090
Let u(y) = -4*y**2 + 137*y + 742. What is u(39)?
1
Let i(g) = -5*g**3 - 9*g**2 + 21*g - 12. What is i(2)?
-46
Let o(z) = 543*z - 978. Calculate o(2).
108
Let u(j) = 26*j - 67. What is u(3)?
11
Let r(j) = -j**2 + 52*j - 285. Give r(9).
102
Let g(c) = -9*c - 44. Determine g(0).
-44
Let y(k) = -k**2 + 43*k - 396. Determine y(24).
60
Let t(f) = 2*f**3 - 62*f**2 + 63*f - 66. Determine t(30).
24
Let g(b) = 33*b + 302. What is g(-8)?
38
Let l(v) = -v**3 - 21*v**2 + 45*v + 1. What is l(-23)?
24
Let q(y) = -97*y**2 - 186*y + 23. What is q(-2)?
7
Let u(r) = -r**3 - 17*r**2 - 76*r - 23. What is u(-7)?
19
Let o(u) = u**3 + 12*u**2 + 16*u - 11. What is o(-8)?
117
Let r(i) = -592*i**2 - 1771*i + 18. Calculate r(-3).
3
Let a(i) = -i**2 + 242*i - 245. Determine a(1).
-4
Let o(n) = 3*n**2 - 86*n - 75. Determine o(22).
-515
Let k(r) = -r**2 - 59*r - 849. Calculate k(-35).
-9
Let v(w) = 10*w**2 - 91*w - 10. Give v(9).
-19
Let w(o) = o**3 + 60*o**2 - 191*o - 120. Determine w(-63).
6
Let s(u) = 1157*u - 3485. What is s(3)?
-14
Let t(a) = -26*a - 8. Give t(0).
-8
Let v(j) = j**3 - 2*j**2 + 4*j + 13. Determine v(0).
13
Let z(f) = f**3 + 22*f**2 - 38*f + 66. Calculate z(-24).
-174
Let c(k) = 482*k + 24585. Calculate c(-51).
3
Let s(j) = 163*j + 352. What is s(-2)?
26
Let q(n) = -1030*n - 3092. What is q(-3)?
-2
Let x(y) = -586*y - 579. Give x(-1).
7
Let n(c) = -929*c + 10214. Calculate n(11).
-5
Let p(q) = 6*q**2 - 6*q + 4. Give p(4).
76
Let m(t) = 5*t**3 - 5*t**2 - 7*t + 7. Calculate m(1).
0
Let b(t) = 2*t**3 - 174*t**2 - 7*t + 572. Calculate b(87).
-37
Let u(g) = -5*g**2 + 69*g - 219. Determine u(9).
-3
Let f(w) = w**2 - 31*w - 101831. Calculate f(335).
9
Let i(v) = -2*v**2 - 38*v - 139. Determine i(-16).
-43
Let o(p) = -2*p**2 + 37. Determine o(4).
5
Let a(b) = -66*b**3 + 11*b**2 + 12*b + 3. What is a(-1)?
68
Let i(v) = -16*v - 738. Calculate i(-45).
-18
Let y(z) = -2*z**2 + 48*z + 2856. What is y(-28)?
-56
Let k(p) = -30*p + 117. Determine k(4).
-3
Let b(w) = 2*w**2 + 5*w + 8. Calculate b(5).
83
Let o(s) = -19*s + 116. Give o(0).
116
Let s(w) = w**2 - 186*w + 7628. Calculate s(61).
3
Let l(m) = -134*m**2 - 285*m - 10. Give l(-2).
24
Let i(f) = -18*f - 155. Give i(-7).
-29
Let i(b) = b**3 - 24*b**2 + 92*b - 27. Determine i(19).
-84
Let w(n) = -7*n + 29. Calculate w(11).
-48
Let v(w) = 24*w - 146. Calculate v(6).
-2
Let f(s) = 6*s**3 + 140*s**2 + 48*s + 42. Determine f(-23).
-4
Let p(d) = -728*d - 9286. Calculate p(-13).
178
Let x(s) = -377*s - 9433. Calculate x(-25).
-8
Let c(w) = -3*w**2 - 6*w - 14. Determine c(-7).
-119
Let u(w) = 5*w + 60. What is u(-19)?
-35
Let b(c) = c**3 + 13*c**2 + 23*c - 2. Calculate b(0).
-2
Let t(r) = -187*r + 1297. What is t(7)?
-12
Let j(y) = 10*y**2 - 125*y + 36. Give j(12).
-24
Let c(y) = -2*y**2 + 9*y + 57. Give c(9).
-24
Let t(m) = m**3 - m**2 - 9*m - 5. Determine t(-3).
-14
Let b(l) = -1484*l - 16321. Give b(-11).
3
Let c(r) = 635*r + 640. What is c(-1)?
5
Let j(w) = 6*w**3 + 42*w**2 + 21*w + 16. Give j(-8).
-536
Let i(u) = 2*u**3 - 21*u**2 - 38*u + 16. Determine i(12).
-8
Let a(r) = -r**3 - 14*r**2 - 57*r - 52. Give a(-8).
20
Let s(y) = 11*y + 208. Give s(-14).
54
Let p(w) = w**3 + 13*w**2 - 7*w. Give p(-12).
228
Let u(i) = 6*i**2 - 409*i + 820. Give u(2).
26
Let f(n) = -n**2 + 27*n - 21. Determine f(29).
-79
Let g(o) = o**3 + 40*o**2 - 26*o + 414. Give g(-41).
-201
Let k(v) = v**3 + 39*v**2 - 2*v - 101. Give k(-39).
-23
Let v(n) = -2*n**3 + 18*n**2 + 9*n + 4. What is v(10)?
-106
Let o(r) = r**3 - 11*r**2 - 7*r + 240. Calculate o(10).
70
Let f(n) = 375*n - 1505. Calculate f(4).
-5
Let l(y) = -y**2 + 48*y + 1542. Calculate l(-22).
2
Let v(k) = -1866*k - 3742. Determine v(-2).
-10
Let l(r) = -88*r + 4758. What is l(53)?
94
Let i(p) = 213*p - 427. Determine i(2).
-1
Let b(q) = -2*q**2 + 20*q - 83. Determine b(21).
-545
Let m(q) = q**2 - 263*q - 3880. Give m(-14).
-2
Let w(n) = -55*n + 21. Calculate w(2).
-89
Let p(o) = -o**2 - 137*o + 860. What is p(6)?
2
Let r(z) = -159*z**2 - 24*z - 73. Calculate r(-3).
-1432
Let f(j) = -1111*j + 414398. Calculate f(373).
-5
Let q(m) = 9*m**2 + 268*m - 67. Give q(-30).
-7
Let t(i) = 2*i**2 - 121*i - 809. What is t(-6)?
-11
Let d(y) = 5*y**2 - 97*y + 20. Give d(19).
-18
Let t(c) = 112*c + 207. What is t(-2)?
-17
Let d(j) = -j**2 - 53*j - 281. Calculate d(-48).
-41
Let s(q) = 2*q**2 - 49*q + 148. Determine s(3).
19
Let f(m) = -396*m - 1980. Calculate f(-5).
0
Let u(i) = -i**3 - i**2 - 67*i - 128. Determine u(-2).
10
Let b(t) = 2*t**2 + 36*t + 196. Determine b(-10).
36
Let h(b) = b**3 - 10*b**2 + 24*b - 134. Calculate h(9).
1
Let r(l) = -l**3 - 10*l**2 + 25*l + 8. Determine r(-9).
-298
Let m(n) = 22*n - 717. Determine m(32).
-13
Let z(w) = -w**2 + 29*w + 9. What is z(29)?
9
Let d(u) = -5*u**2 - 199*u + 249. Determine d(-41).
3
Let x(r) = -2313*r - 25467. What is x(-11)?
-24
Let k(z) = -16*z - 434. Give k(-27).
-2
Let j(m) = -m**2 + 66*m - 415. Determine j(59).
-2
Let i(k) = -6*k**2 + 34*k + 2566. Give i(-18).
10
Let h(r) = r**2 + 106*r + 2174. Calculate h(-78).
-10
Let k(a) = 191*a + 442. Determine k(-2).
60
Let y(c) = -c**3 + 15*c**2 + 32*c + 44. Calculate y(17).
10
Let b(i) = i**3 - 43*i**2 + 33*i + 167. Give b(42).
-211
Let x(d) = 23*d**2 - 138*d + 13. What is x(6)?
13
Let d(n) = -650*n - 3195. Give d(-5).
55
Let q(s) = 15*s**2 + 110*s + 12. Determine q(-6).
-108
Let r(c) = -6*c - 124. Calculate r(-19).
-10
Let i(u) = u**3 + 28*u**2 - 3*u - 86. Determine i(-28).
-2
Let v(k) = -k**3 - 6*k**2 - 140*k - 529. What is v(-4)?
-1
Let q(n) = 2*n**2 + 93*n - 116. Calculate q(-48).
28
Let w(k) = -2461*k - 29532. Calculate w(-12).
0
Let z(u) = u**2 + 2516*u - 183672. Give z(71).
5
Let p(s) = -94*s**3 + 8*s**2 + 27*s + 18. Determine p(-1).
93
Let l(t) = -t**3 - 10*t**2 - 3*t - 143. Give l(-11).
11
Let z(n) = 2*n**3 + 12*n**2 + 33*n + 151. Give z(-6).
-47
Let v(f) = -f**3 - 11*f**2 + 61*f + 727. Calculate v(-10).
17
Let j(q) = 3*q**2 + 50*q + 171. What is j(-12)?
3
Let u(z) = z**3 + 10*z**2 + 650*z + 5767. Determine u(-9).
-2
Let a(u) = 12*u**2 - 54*u - 6. What is a(5)?
24
Let i(p) = 2*p**3 + 63*p**2 - 32*p - 3. Give i(-32).
-3
Let a(f) = -558*f - 2225. What is a(-4)?
7
Let a(u) = 60*u - 274. Determine a(-2).
-394
Let l(j) = 27*j - 11. Calculate l(4).
97
Let f(d) = -2*d**3 + 499*d**2 + 4390*d - 1031. Calculate f(258).
1
Let p(z) = -z**3 - 8*z**2 + 224*z + 291. What is p(-19)?
6
Let z(x) = 2038*x - 303664. Calculate z(149).
-2
Let v(y) = -45*y + 1097. What is v(30)?
-253
Let w(u) = 40*u - 685. Calculate w(17).
-5
Let k(u) = u**2 - 34*u + 181. Determine k(16).
-107
Let w(m) = 79*m + 419. Calculate w(-3).
182
Let u(w) = w**2 + 31*w - 356. Give u(14).
274
Let x(u) = 7*u - 76. What is x(-3)?
-97
Let s(t) = 4*t**2 + 33*t - 4. Determine s(-10).
66
Let k(o) = o**2 + 7*o - 18. Determine k(-11).
26
Let d(b) = 14*b + 580. Calculate d(-30).
160
Let w(h) = -47*h - 186. Determine w(-4).
2
Let c(p) = -p**3 + 12*p**2 - 69*p + 487. What is c(10)?
-3
Let d(v) = 7*v**3 + 29*v**2 + 35*v + 129. What is d(-4)?
5
Let n(a) = -a**2 - 6*a + 75. Give n(6).
3
Let n(m) = 2*m**2 - 35*m - 216. What is n(23)?
37
Let h(v) = 386*v**3 - 10*v**2 + 6*v + 4. Calculate h(1).
386
Let c(w) = -w**2 + 2*w + 118. Calculate c(-7).
55
Let n(y) = y**2 - 118*y - 6320. What is n(-40)?
0
Let d(n) = -11*n + 467. What is d(43)?
-6
Let h(x) = 2*x**2 + 41*x - 4. Determine h(-28).
416
Let u(q) = -q**2 + 72*q - 1294. Calculate u(39).
-7
Let l(p) = -10*p - 1120. Determine l(-110).
-20
Let y(d) = d**2 - 2*d - 485. Calculate y(-21).
-2
Let l(s) = -2*s**3 + 28*s**2 - 67*s - 12. Determine l(11).
-23
Let c(l) = 2*l**2 + 170*l + 2868. Give c(-61).
-60
Let r(o) = o**3 - 33*o**2 - 153*o + 20. What is r(-5)?
-165
Let m(z) = 6*z + 21. Calculate m(-22).
-111
Let d(u) = u**3 - 11*u**2 + 14*u - 33. Determine d(11).
121
Let y(k) = 4*k**3 - 15*k**2 + 97*k - 1. Determine y(5).
609
Let q(j) = -j**3 - 10*j**2 - 10*j - 96. Determine q(-10).
4
